ose 4*j - 35 = -7. Let b = j - -3. What is the greatest common divisor of b and 5?
5
Let h be (-1 + 0)/(-1) - -11. Let a(x) = x - 6. Let i be a(9). Let r be i - 3 - -6 - -2. What is the greatest common factor of h and r?
4
Let s be (-75)/6*(-6)/5. Suppose 4 = 6*y - 2*y. Suppose -s + y = -x. Calculate the highest common divisor of x and 7.
7
Let w be 8/(-6)*9/2. Suppose -o + 3 = 29. Let p = w - o. Calculate the highest common divisor of 10 and p.
10
Let j = -7 - -13. Calculate the greatest common factor of j and 4.
2
Suppose 0 = 5*p - 1007 + 102. Suppose -5*f + 4*l = -p, f + 3*l - 8*l = 53. Calculate the greatest common factor of 11 and f.
11
Let a be 3/6 - 46/(-4). What is the greatest common divisor of a and 36?
12
Let z be -3 - ((-1 - -3) + -1). Let d be (2/z)/(1/(-4)). Let u = 1 + 13. Calculate the greatest common divisor of d and u.
2
Let b = 22 - 18. Suppose b*t - 60 = 2*q - 6*q, 3*q = 9. Suppose 3*i - 4*i - 11 = -u, -3*u + 39 = 3*i. What is the highest common factor of u and t?
12
Let c be 2 + (-2 - -1) + 4. Suppose -5*g + 1 = -3*q + 2, 3*q = 6. What is the highest common divisor of g and c?
1
Suppose -333 = -5*g - 0*g - 3*h, 215 = 3*g - 2*h. Suppose -174 = -5*r - g. Calculate the greatest common factor of r and 7.
7
Suppose -4*c = 5 - 13. Suppose -c*j + 30 = 3*j. What is the highest common divisor of 12 and j?
6
Suppose 5*g - 1243 = -308. What is the highest common factor of 17 and g?
17
Let x(s) = -s**3 - 2*s**2 + 4*s - 5. Let p = 2 - 6. Let i be x(p). Let j be (-165)/(-6)*18/30*6. What is the greatest common divisor of i and j?
11
Let o = -18 + 20. Let w = 2 - 0. Calculate the highest common factor of o and w.
2
Let s(o) = -o**3 + 3*o**2 + o + 4. Let c be s(-3). Suppose 5*i - 25 = -5. Suppose i*y - 2*y - 22 = 0. What is the greatest common factor of y and c?
11
Let q be (-454)/(-12) - 4/(-24). Suppose 2*y = 22 + q. What is the greatest common divisor of y and 75?
15
Let f(l) = 2*l - 6. Let o(w) = -w + 8. Let r be o(-6). Let c be (-231)/(-49) + 4/r. Let k be f(c). Calculate the highest common divisor of k and 36.
4
Suppose 0 = -4*i - 3*z - 14 + 39, 2*z + 10 = 4*i. Let d(a) = a**3 - 2*a**2 - 2*a. Let g be d(i). What is the greatest common factor of g and 6?
6
Suppose -v + 2*a = -7 - 7, -4*v - 5*a - 9 = 0. Let y be 2/3*3*16. Suppose -y = -v*c + 2*r, 8*c - 3*c - 4*r = 40. What is the highest common factor of 1 and c?
1
Suppose 1 = 2*s + 5. Let b(m) = 3*m**2 + 4*m + 3. Let d be b(s). Calculate the highest common factor of 35 and d.
7
Suppose 4*t + 80 = -2*z, -3*t + 5*z - 86 = -0*t. Let y = 35 - t. Suppose 0 = -a + 19 + y. Calculate the greatest common factor of a and 19.
19
Let j be (-1 - 119)*((-12)/(-10))/(-3). Calculate the greatest common divisor of j and 120.
24
Let m(u) = -u**3 - u**2 - u + 1. Let o be m(0). Let t be ((-7)/(-2))/(o/4). What is the greatest common factor of t and 2?
2
Suppose -4*c + 3*c + 3 = 0. Let v be 2/13 - 222/(-78). What is the highest common factor of c and v?
3
Let k = 30 + -6. Let w(g) = 48*g. Let h be w(4). Calculate the highest common divisor of h and k.
24
Let j = -43 + 91. Calculate the greatest common factor of j and 12.
12
Suppose 5*x = 17 - 2. What is the greatest common divisor of 1 and x?
1
Suppose 5*v = 10*v - 210. Calculate the highest common factor of 63 and v.
21
Let t be (2/(-5))/((-1)/(-5)). Let q = t - -6. Let s(y) = -4*y**2 + 21*y + 12. Let k be s(4). Calculate the highest common divisor of q and k.
4
Suppose 3*p + 15 = -2*p. Let m be p/1 + 115 + -2. Suppose 10 = 3*d - m. What is the greatest common divisor of d and 5?
5
Let j be (-1217)/(-9) - 10/45. Calculate the highest common factor of 27 and j.
27
Let g = -48 + 332. Suppose -54 = -4*x - 2*c + 218, 5*c - g = -4*x. What is the greatest common factor of x and 6?
6
Let x be 0/(-1) + (-12)/(-1). Let b = x + -5. Let s be (-3)/(3 - 342/112). Calculate the highest common factor of s and b.
7
Let w be ((-20)/25)/((-10)/575). What is the greatest common factor of w and 115?
23
Let x(d) = 2*d + 7. Let m be x(9). Suppose 4*f - 16 = 0, 1 + 11 = -4*i + 2*f. Let s = m - i. Calculate the greatest common factor of s and 52.
26
Suppose -10*y = -7*y - 102. Suppose -3*m + 17 = 4*l - 38, 0 = 2*m + 2*l - y. Calculate the greatest common divisor of 13 and m.
13
Let l = 10 + 1. Calculate the highest common divisor of l and 99.
11
Let t be (65/10)/(2/(-28)). Let i = t - -172. Calculate the greatest common factor of 9 and i.
9
Let t = 76 - 54. What is the greatest common factor of 154 and t?
22
Let j(w) = 13*w**2 - 7*w + 6. Let y be j(1). Calculate the greatest common factor of 9 and y.
3
Suppose 4 = -6*c + 10. Calculate the greatest common divisor of 4 and c.
1
Let s be -2 - ((-62 - 0) + 0). Suppose 5*d = -0*d + s. Suppose 5*w = 4*w + 108. What is the greatest common divisor of d and w?
12
Let h = -55 - -65. What is the highest common divisor of 40 and h?
10
Let w(b) = 22*b + 1. Let d be w(2). Suppose 2*g - 13 = 13. Suppose 2*u = 5 + g. Calculate the highest common divisor of d and u.
9
Let m be (57/(-2) + 0)*-6. Calculate the highest common factor of m and 19.
19
Let j be -1*((-206)/1 + -2 - 1). Calculate the highest common divisor of j and 19.
19
Let o be 3/(-2)*(-12)/9. Suppose -o = -3*z + 25. Let x(f) = 2*f - 2. Let j be x(z). Calculate the highest common factor of 80 and j.
16
Let z(h) = h**2 - 2*h - 3. Let r = 5 - 7. Let m be z(r). Suppose 0 = -m*y - 3*j + 22, 2*y - 3*j = -0*y + 13. What is the greatest common factor of y and 35?
5
Let w(n) = -n + 7. Let l be w(6). Let c be l/(3/450*2). What is the highest common factor of c and 25?
25
Suppose 0 = 3*o - 766 + 172. Calculate the greatest common factor of o and 22.
22
Let i(a) = -60*a - 8. Let d be i(-1). Suppose 3*v = 38 + 1. What is the highest common divisor of v and d?
13
Suppose -5*t - 5*r + 12 = -3*r, 8 = -2*r. Calculate the greatest common factor of 2 and t.
2
Suppose 2*g - 3*g = w + 13, -3*g + 9 = 0. Let a = w - -22. Suppose 4*v - a = q, -4*q = 3*v + 2*v - 39. What is the greatest common factor of 6 and q?
6
Suppose 0 = -c + 2*b - 0*b + 21, -3*b = 2*c - 63. Calculate the greatest common factor of c and 27.
27
Let z = 49 + 14. Let d be 5684/z + 2/(-9). What is the greatest common divisor of d and 10?
10
Suppose 2*u = 83 + 767. Suppose -6*k + u = -k. Calculate the greatest common divisor of k and 34.
17
Let d(l) = l**3 + 15*l**2 + 14*l + 22. Let h be d(-14). Calculate the greatest common divisor of h and 121.
11
Let g be (-84)/(-18)*(-3)/(-2). Let v be 4/(-10)*(-280)/g. Calculate the greatest common factor of 2 and v.
2
Let c(l) = l**3 + 5*l**2 + 3*l - 2. Let w be c(-4). Let f = w - 2. Let n = 2 + f. Calculate the highest common divisor of n and 22.
2
Suppose w + 3*m = 2*w - 15, 0 = -3*w + 3*m + 15. Suppose w = 3*t + 5*s - 167, -25 = 4*s + s. Calculate the highest common divisor of 8 and t.
8
Let n = 4 - 7. Let g be 2/1 + 3 + n. Suppose 6 = d - g. What is the greatest common factor of d and 4?
4
Suppose 5*a + 183 = 43. Let x = a + 16. Let i be 2 - (x + (-2)/(-1)). Calculate the greatest common divisor of i and 84.
12
Suppose -12*b + 17*b - 195 = 0. Suppose 0*k + 52 = 2*k. What is the greatest common divisor of b and k?
13
Let g(f) = 6 - 6 - 43*f + 5. Let x be g(4). Let u = -82 - x. What is the highest common factor of 34 and u?
17
Suppose 5 = 2*s - 7*s. Let y = -3 - s. Let o be y + (3 - 14/(-1)). What is the greatest common factor of o and 120?
15
Let t(c) = 2*c**2 + c. Let v be t(-4). Suppose -2*n + v = -0. Calculate the greatest common factor of 2 and n.
2
Let l(v) = 28*v**2 + 2*v + 2. Let n be l(-2). What is the highest common divisor of n and 22?
22
Let y = -1 - -7. Suppose -4*q + 3*q + 10 = 0. Let b be 8/(1 - q/12). What is the greatest common factor of y and b?
6
Let x be ((-12)/10)/(3/(-50)). Let z(v) = -7*v**3 - 3*v**2 - 4*v - 2. Let w be z(-2). What is the highest common factor of x and w?
10
Let x = 17 - 14. Calculate the highest common divisor of 2 and x.
1
Suppose -129 = -5*g + 36. Let y = g - 13. Suppose 5*w - y = -0*w. What is the highest common divisor of 10 and w?
2
Suppose 3*z - 8 = 1. Suppose -j + z*m + 7 = 0, 4*m = m. Let l = -5 + j. What is the greatest common divisor of l and 5?
1
Let l = 19 + -11. Calculate the greatest common divisor of l and 8.
8
Let v be 12/15*40/2. What i